 2156 is divided by 1024.
108
What is the remainder when 5679 is divided by 36?
27
What is the remainder when 93 is divided by 13?
2
Calculate the remainder when 20346 is divided by 370.
366
Calculate the remainder when 41401 is divided by 6.
1
What is the remainder when 177707 is divided by 753?
752
Calculate the remainder when 2474737 is divided by 15.
7
What is the remainder when 157356 is divided by 156?
108
Calculate the remainder when 1391 is divided by 25.
16
What is the remainder when 12533 is divided by 60?
53
What is the remainder when 10190 is divided by 309?
302
What is the remainder when 562223 is divided by 34?
33
What is the remainder when 2738 is divided by 749?
491
What is the remainder when 2430 is divided by 23?
15
What is the remainder when 3877 is divided by 953?
65
Calculate the remainder when 691 is divided by 330.
31
Calculate the remainder when 1090735 is divided by 946.
943
What is the remainder when 613255 is divided by 204415?
10
Calculate the remainder when 17031 is divided by 213.
204
Calculate the remainder when 110779 is divided by 322.
11
What is the remainder when 5570 is divided by 76?
22
Calculate the remainder when 7352 is divided by 611.
20
What is the remainder when 6172 is divided by 1543?
0
Calculate the remainder when 12273 is divided by 1405.
1033
What is the remainder when 19144 is divided by 148?
52
What is the remainder when 18857 is divided by 68?
21
Calculate the remainder when 15588 is divided by 3897.
0
Calculate the remainder when 1561 is divided by 592.
377
What is the remainder when 1545 is divided by 321?
261
What is the remainder when 767081 is divided by 146?
143
Calculate the remainder when 168958 is divided by 533.
530
Calculate the remainder when 2926 is divided by 97.
16
What is the remainder when 20921 is divided by 54?
23
What is the remainder when 1115 is divided by 899?
216
What is the remainder when 47669 is divided by 23822?
25
Calculate the remainder when 77708 is divided by 688.
652
What is the remainder when 51301 is divided by 66?
19
Calculate the remainder when 18147 is divided by 40.
27
What is the remainder when 70462 is divided by 192?
190
Calculate the remainder when 3269 is divided by 42.
35
What is the remainder when 5632 is divided by 2532?
568
Calculate the remainder when 810400 is divided by 115.
110
Calculate the remainder when 11570 is divided by 11.
9
Calculate the remainder when 6299 is divided by 257.
131
What is the remainder when 33259 is divided by 396?
391
What is the remainder when 1485 is divided by 193?
134
What is the remainder when 55769 is divided by 170?
9
Calculate the remainder when 4191 is divided by 108.
87
Calculate the remainder when 16781 is divided by 75.
56
What is the remainder when 721 is divided by 10?
1
Calculate the remainder when 1220 is divided by 762.
458
What is the remainder when 246693 is divided by 451?
447
What is the remainder when 53511 is divided by 17836?
3
Calculate the remainder when 50994 is divided by 3399.
9
What is the remainder when 1811 is divided by 393?
239
Calculate the remainder when 28402 is divided by 3.
1
Calculate the remainder when 633 is divided by 439.
194
What is the remainder when 36549 is divided by 318?
297
Calculate the remainder when 8189 is divided by 4030.
129
Calculate the remainder when 521569 is divided by 260781.
7
Calculate the remainder when 985 is divided by 64.
25
Calculate the remainder when 2869 is divided by 17.
13
Calculate the remainder when 336813 is divided by 91.
22
Calculate the remainder when 4373827 is divided by 68.
67
What is the remainder when 25145 is divided by 4186?
29
Calculate the remainder when 60384 is divided by 10.
4
Calculate the remainder when 2901 is divided by 1241.
419
What is the remainder when 614189 is divided by 590?
589
Calculate the remainder when 4873 is divided by 113.
14
Calculate the remainder when 82879 is divided by 29.
26
What is the remainder when 1683 is divided by 818?
47
What is the remainder when 7051 is divided by 3525?
1
Calculate the remainder when 295507 is divided by 8953.
58
Calculate the remainder when 2530 is divided by 902.
726
What is the remainder when 49410 is divided by 567?
81
Calculate the remainder when 324515 is divided by 108169.
8
What is the remainder when 127617 is divided by 180?
177
What is the remainder when 11084 is divided by 15?
14
Calculate the remainder when 4978 is divided by 1243.
6
What is the remainder when 931930 is divided by 95?
75
Calculate the remainder when 47476 is divided by 452.
16
Calculate the remainder when 826 is divided by 763.
63
What is the remainder when 2731 is divided by 178?
61
What is the remainder when 16684 is divided by 2780?
4
Calculate the remainder when 17602 is divided by 31.
25
Calculate the remainder when 16607 is divided by 12.
11
Calculate the remainder when 15341 is divided by 1128.
677
What is the remainder when 733 is divided by 121?
7
What is the remainder when 4707 is divided by 235?
7
What is the remainder when 3258 is divided by 94?
62
What is the remainder when 129983 is divided by 129920?
63
Calculate the remainder when 2111 is divided by 418.
21
What is the remainder when 457 is divided by 11?
6
Calculate the remainder when 41675 is divided by 20803.
69
What is the remainder when 3349 is divided by 1105?
34
What is the remainder when 8709 is divided by 150?
9
What is the remainder when 558 is divided by 50?
8
What is the remainder when 101103 is divided by 317?
297
Calculate the remainder when 72296 is divided by 14452.
36
What is the remainder when 1855 is divided by 763?
329
What is the remainder when 5070 is divided by 843?
12
Calculate the remainder when 491 is divided by 78.
23
What is the remainder when 1044 is divided by 29?
0
What is the remainder when 11295 is divided by 1882?
3
Calculate the remainder when 1389 is divided by 24.
21
What is the remainder when 4904 is divided by 491?
485
What is the remainder when 84455 is divided by 68?
67
Calculate the remainder when 299793 is divided by 86.
83
Calculate the remainder when 4421 is divided by 2154.
113
Calculate the remainder when 910 is divided by 255.
145
Calculate the remainder when 327435 is divided by 40.
35
What is the remainder when 162497 is divided by 14?
13
Calculate the remainder when 44574 is divided by 22286.
2
Calculate the remainder when 175001 is divided by 1048.
1033
Calculate the remainder when 2035 is divided by 39.
7
What is the remainder when 839314 is divided by 122?
76
What is the remainder when 2979 is divided by 1462?
55
Calculate the remainder when 774708 is divided by 47.
7
Calculate the remainder when 14270 is divided by 4735.
65
Calculate the remainder when 5827573 is divided by 163.
160
What is the remainder when 1326 is divided by 546?
234
What is the remainder when 19188 is divided by 3184?
84
Calculate the remainder when 2791 is divided by 709.
664
Calculate the remainder when 104683 is divided by 36.
31
What is the remainder when 1079 is divided by 270?
269
Calculate the remainder when 14721 is divided by 1835.
41
Calculate the remainder when 1075 is divided by 257.
47
Calculate the remainder when 43785 is divided by 21883.
19
What is the remainder when 52619 is divided by 516?
503
What is the remainder when 411616 is divided by 8948?
8
Calculate the remainder when 17171 is divided by 817.
14
Calculate the remainder when 129488 is divided by 396.
392
Calculate the remainder when 54599 is divided by 525.
524
What is the remainder when 130079 is divided by 24?
23
What is the remainder when 834718 is divided by 80?
78
Calculate the remainder when 98095 is divided by 1182.
1171
Calculate the remainder when 20550 is divided by 2681.
1783
Calculate the remainder when 28025 is divided by 483.
11
Calculate the remainder when 2426 is divided by 486.
482
What is the remainder when 110028 is divided by 77?
72
Calculate the remainder when 4014 is divided by 82.
78
Calculate the remainder when 950 is divided by 460.
30
Calculate the remainder when 230382 is divided by 484.
482
Calculate the remainder when 7069 is divided by 37.
2
Calculate the remainder when 261922 is divided by 598.
596
What is the remainder when 3738 is divided by 24?
18
What is the remainder when 18758 is divided by 